{"id":61,"date":"2020-05-18T09:51:49","date_gmt":"2020-05-18T07:51:49","guid":{"rendered":"https:\/\/cebaestella.educacion.navarra.es\/web\/?page_id=61"},"modified":"2025-06-26T11:58:29","modified_gmt":"2025-06-26T09:58:29","slug":"aula-mentor","status":"publish","type":"page","link":"https:\/\/cebaestella.educacion.navarra.es\/web\/aula-mentor\/","title":{"rendered":"Aula Mentor"},"content":{"rendered":"\n<div class=\"wp-block-columns\">\n<div class=\"wp-block-column\" style=\"flex-basis:66.66%\">\n<p>El&nbsp;<strong>Aula Mentor<\/strong>&nbsp;es un sistema de&nbsp;<strong>formaci\u00f3n abierta, libre y a trav\u00e9s de internet<\/strong>, que pretende responder a las necesidades formativas individualizadas, garantizando una gran flexibilidad en el aprendizaje y una atenci\u00f3n directa y cercana al alumnado.<\/p>\n\n\n\n<p>Ofrece una amplia variedad de cursos que abarcan campos muy distintos y niveles que van desde la iniciaci\u00f3n hasta la especializaci\u00f3n.<\/p>\n\n\n\n<p>Los cursos est\u00e1n destinados a mayores de 18 a\u00f1os interesad@s en actualizarse desde el punto de vista laboral y personal, con independencia de su titulaci\u00f3n y nivel de estudios. Son certificados por el MECyD y las Comunidades Aut\u00f3nomas, tras la superaci\u00f3n de un examen presencial que garantiza el nivel de conocimientos adquiridos.<\/p>\n<\/div>\n\n\n\n<div class=\"wp-block-column\" style=\"flex-basis:33.33%\">\n<figure class=\"wp-block-image size-large\"><img loading=\"lazy\" width=\"267\" height=\"189\" src=\"https:\/\/cebaestella.educacion.navarra.es\/web\/wp-content\/uploads\/2021\/05\/aula2.png\" alt=\"\" class=\"wp-image-411\"\/><\/figure>\n\n\n\n<figure class=\"wp-block-image size-large\"><img loading=\"lazy\" width=\"300\" height=\"380\" src=\"https:\/\/cebaestella.educacion.navarra.es\/web\/wp-content\/uploads\/2021\/05\/cursos2-e1581768374764.png\" alt=\"\" class=\"wp-image-402\" srcset=\"https:\/\/cebaestella.educacion.navarra.es\/web\/wp-content\/uploads\/2021\/05\/cursos2-e1581768374764.png 300w, https:\/\/cebaestella.educacion.navarra.es\/web\/wp-content\/uploads\/2021\/05\/cursos2-e1581768374764-237x300.png 237w\" sizes=\"(max-width: 300px) 100vw, 300px\" \/><\/figure>\n\n\n\n<div class=\"wp-container-1 wp-block-buttons\">\n<div class=\"wp-block-button\"><a class=\"wp-block-button__link has-theme-primary-background-color has-background\" href=\"https:\/\/aulamentor.es\/cursos\/\">OFERTA CURSOS AULA MENTOR<\/a><\/div>\n<\/div>\n<\/div>\n<\/div>\n\n\n\n<hr class=\"wp-block-separator is-style-default\"\/>\n\n\n\n<h2 class=\"has-text-align-center\">Matr\u00edcula<\/h2>\n\n\n\n<p>La<strong>&nbsp;matr\u00edcula<\/strong>&nbsp;est\u00e1 abierta todo el a\u00f1o excepto durante las vacaciones escolares.<\/p>\n\n\n\n<p>El&nbsp;<strong>precio del curso<\/strong>&nbsp;es de 24\u20ac mensuales. La matriculaci\u00f3n inicial es, en general, de dos meses salvo en los cursos con certificaci\u00f3n de 30 horas que es de un mes. Actualmente el \u00fanico curso de estas caracter\u00edsticas es Informaci\u00f3n y Atenci\u00f3n al Visitante (Cursos de car\u00e1cter profesional) y C\u00e1lculo de prestaciones de la Seguridad Social (Cursos de car\u00e1cter Pyme).<\/p>\n\n\n\n<p>La&nbsp;<strong>duraci\u00f3n&nbsp;del curso<\/strong>&nbsp;es variable seg\u00fan la dedicaci\u00f3n del alumno. No existen plazos de comienzo o finalizaci\u00f3n de un curso. Una vez finalizado el curso, el alumnado puede presentarse a examen en cualquiera de las cinco convocatorias organizadas en el a\u00f1o.<\/p>\n\n\n\n<p>La matr\u00edcula se puede realizar en el Aula Mentor de Estella-Lizarra situada en el Centro Educaci\u00f3n B\u00e1sica de Personas Adultas.<\/p>\n\n\n\n<div class=\"wp-block-columns\">\n<div class=\"wp-block-column\" style=\"flex-basis:66.66%\">\n<p>Para poder matricularse hay que ser mayor de 18 a\u00f1os, completar la<strong>&nbsp;ficha de inscripci\u00f3n<\/strong>&nbsp;y presentar el justificante del ingreso inicial (48 euros) generando previamente la carta de pago correspondiente.<\/p>\n<\/div>\n\n\n\n<div class=\"wp-block-column\" style=\"flex-basis:33.33%\">\n<div class=\"wp-container-2 wp-block-buttons\">\n<div class=\"wp-block-button has-custom-width wp-block-button__width-100\"><a class=\"wp-block-button__link has-theme-primary-background-color has-background\">ficha de inscripci\u00f3n<\/a><\/div>\n\n\n\n<div class=\"wp-block-button has-custom-width wp-block-button__width-100\"><a class=\"wp-block-button__link has-theme-primary-background-color has-background\" href=\"https:\/\/hacienda.navarra.es\/ingresosnotributarios\/frm704.aspx?cn=04MENTORM\">carta de pago<\/a><\/div>\n<\/div>\n<\/div>\n<\/div>\n\n\n\n<hr class=\"wp-block-separator\"\/>\n\n\n\n<h2 class=\"has-text-align-center\">Convocatorias<\/h2>\n\n\n\n<p>Para obtener la certificaci\u00f3n del curso deber\u00e1s superar una prueba final. Para ello es imprescindible haber realizado satisfactoriamente todas las&nbsp;actividades del curso y tener la autorizaci\u00f3n del Tutor.<\/p>\n\n\n\n<div class=\"wp-container-3 wp-block-buttons\">\n<div class=\"wp-block-button has-custom-width wp-block-button__width-100\"><a class=\"wp-block-button__link has-theme-primary-background-color has-background\" href=\"http:\/\/www.aulamentor.es\/es\/matricula\">calendario ex\u00e1menes<\/a><\/div>\n<\/div>\n\n\n\n<div class=\"wp-block-columns\">\n<div class=\"wp-block-column\">\n<div class=\"wp-block-image is-style-default\"><figure class=\"alignright size-full is-resized\"><img loading=\"lazy\" src=\"https:\/\/cebaestella.educacion.navarra.es\/web\/wp-content\/uploads\/2025\/06\/PHOTO-2024-09-25-12-08-55-1.jpg\" alt=\"\" class=\"wp-image-561\" width=\"246\" height=\"157\"\/><\/figure><\/div>\n<\/div>\n\n\n\n<div class=\"wp-block-column\">\n<p style=\"font-size:12px\"><br><br>848 43 12 87<br>cebaeste@educacion.navarra.es<br>Calle Teobaldo II, s\/n<br>(Parque de Los Llanos)<br>31200, Estella<\/p>\n<\/div>\n<\/div>\n","protected":false},"excerpt":{"rendered":"<p>El&nbsp;Aula Mentor&nbsp;es un sistema de&nbsp;formaci\u00f3n abierta, libre y a trav\u00e9s de internet, que pretende responder a las necesidades formativas individualizadas, garantizando una gran flexibilidad en el aprendizaje y una atenci\u00f3n directa y cercana al alumnado. Ofrece una amplia variedad de cursos que abarcan campos muy distintos y niveles que van desde la iniciaci\u00f3n hasta la [&hellip;]<\/p>\n","protected":false},"author":1,"featured_media":109,"parent":0,"menu_order":0,"comment_status":"closed","ping_status":"closed","template":"","meta":{"_genesis_hide_title":false,"_genesis_hide_breadcrumbs":false,"_genesis_hide_singular_image":false,"_genesis_hide_footer_widgets":false,"_genesis_custom_body_class":"","_genesis_custom_post_class":"","_genesis_layout":""},"featured_image_src":"https:\/\/cebaestella.educacion.navarra.es\/web\/wp-content\/uploads\/2020\/05\/Entrada-Ceba-e1620818524305-600x208.jpg","featured_image_src_square":"https:\/\/cebaestella.educacion.navarra.es\/web\/wp-content\/uploads\/2020\/05\/Entrada-Ceba-e1620818524305-600x208.jpg","_links":{"self":[{"href":"https:\/\/cebaestella.educacion.navarra.es\/web\/wp-json\/wp\/v2\/pages\/61"}],"collection":[{"href":"https:\/\/cebaestella.educacion.navarra.es\/web\/wp-json\/wp\/v2\/pages"}],"about":[{"href":"https:\/\/cebaestella.educacion.navarra.es\/web\/wp-json\/wp\/v2\/types\/page"}],"author":[{"embeddable":true,"href":"https:\/\/cebaestella.educacion.navarra.es\/web\/wp-json\/wp\/v2\/users\/1"}],"replies":[{"embeddable":true,"href":"https:\/\/cebaestella.educacion.navarra.es\/web\/wp-json\/wp\/v2\/comments?post=61"}],"version-history":[{"count":9,"href":"https:\/\/cebaestella.educacion.navarra.es\/web\/wp-json\/wp\/v2\/pages\/61\/revisions"}],"predecessor-version":[{"id":614,"href":"https:\/\/cebaestella.educacion.navarra.es\/web\/wp-json\/wp\/v2\/pages\/61\/revisions\/614"}],"wp:featuredmedia":[{"embeddable":true,"href":"https:\/\/cebaestella.educacion.navarra.es\/web\/wp-json\/wp\/v2\/media\/109"}],"wp:attachment":[{"href":"https:\/\/cebaestella.educacion.navarra.es\/web\/wp-json\/wp\/v2\/media?parent=61"}],"curies":[{"name":"wp","href":"https:\/\/api.w.org\/{rel}","templated":true}]}}