{"id":200,"date":"2021-01-20T11:53:02","date_gmt":"2021-01-20T10:53:02","guid":{"rendered":"https:\/\/cebaestella.educacion.navarra.es\/web\/?page_id=200"},"modified":"2025-06-26T12:02:37","modified_gmt":"2025-06-26T10:02:37","slug":"informatica","status":"publish","type":"page","link":"https:\/\/cebaestella.educacion.navarra.es\/web\/informatica\/","title":{"rendered":"Inform\u00e1tica"},"content":{"rendered":"\n<p class=\"is-style-capital-text\">La inform\u00e1tica, en todos sus \u00e1mbitos, es hoy en d\u00eda una <strong>herramienta indispensable<\/strong> para muchas de las acciones, tr\u00e1mites y obligaciones de nuestra sociedad.<\/p>\n\n\n\n<p class=\"is-style-capital-text\">As\u00ed mismo, es un buen recurso a la hora de buscar informaci\u00f3n sobre todo tipo de asuntos que nos puedan hacer falta a lo largo de nuestro d\u00eda a d\u00eda.<\/p>\n\n\n\n<p>El centro educativo ofrece cuatrimestralmente cursos de inform\u00e1tica para personas que, o bien desconocen, o bien quieren actualizar sus conocimientos en este campo.<\/p>\n\n\n\n<p class=\"is-style-default\">Se ofrecen tres cursos diferentes:<\/p>\n\n\n\n<ul><li><strong>Inform\u00e1tica b\u00e1sica<\/strong>: para alumnado con ning\u00fan conocimiento previo o con conocimientos muy elementales. Se empieza desde cero, conociendo lo que es un ordenador y analizando el entorno de windows. Posteriormente se profundiza en edici\u00f3n de textos, para terminar acerc\u00e1ndose a internet y manejar el correo electr\u00f3nico.<\/li><\/ul>\n\n\n\n<ul><li><strong>Inform\u00e1tica pr\u00e1ctica<\/strong>: alumnado con conocimientos previos muy b\u00e1sicos en el uso de internet y que quiera aprender y coger confianza en la realizaci\u00f3n de tr\u00e1mites, operaciones y acciones en la red: coger cita previa en el m\u00e9dico, en la itv, en la dgt, en la ss; realizar compras, suscribirse a p\u00e1ginas, editar trabajos con fotos, carpeta de salud, cl@ve permanente, etc.<\/li><\/ul>\n\n\n\n<ul><li><strong>Herramientas de Google<\/strong>: Alumnado que quiera profundizar el las herramientas que ofrece Google para realizar tareas de car\u00e1cter personal o profesional. Se profundiza en el car\u00e1cter colaborativo de herramientas como: documentos de google, formularios, mapas, etc.<\/li><\/ul>\n\n\n\n<p class=\"is-style-highlight-text\"><\/p>\n\n\n\n<div class=\"wp-block-columns\">\n<div class=\"wp-block-column\">\n<div class=\"wp-block-image is-style-default\"><figure class=\"alignright size-full is-resized\"><img loading=\"lazy\" src=\"https:\/\/cebaestella.educacion.navarra.es\/web\/wp-content\/uploads\/2025\/06\/PHOTO-2024-09-25-12-08-55-1.jpg\" alt=\"\" class=\"wp-image-561\" width=\"246\" height=\"157\"\/><\/figure><\/div>\n<\/div>\n\n\n\n<div class=\"wp-block-column\">\n<p style=\"font-size:12px\"><br><br>848 43 12 87<br>cebaeste@educacion.navarra.es<br>Calle Teobaldo II, s\/n<br>(Parque de Los Llanos)<br>31200, Estella<\/p>\n<\/div>\n<\/div>\n","protected":false},"excerpt":{"rendered":"<p>La inform\u00e1tica, en todos sus \u00e1mbitos, es hoy en d\u00eda una herramienta indispensable para muchas de las acciones, tr\u00e1mites y obligaciones de nuestra sociedad. As\u00ed mismo, es un buen recurso a la hora de buscar informaci\u00f3n sobre todo tipo de asuntos que nos puedan hacer falta a lo largo de nuestro d\u00eda a d\u00eda. El [&hellip;]<\/p>\n","protected":false},"author":1,"featured_media":373,"parent":0,"menu_order":0,"comment_status":"closed","ping_status":"closed","template":"","meta":{"_genesis_hide_title":false,"_genesis_hide_breadcrumbs":false,"_genesis_hide_singular_image":false,"_genesis_hide_footer_widgets":false,"_genesis_custom_body_class":"","_genesis_custom_post_class":"","_genesis_layout":""},"featured_image_src":"https:\/\/cebaestella.educacion.navarra.es\/web\/wp-content\/uploads\/2021\/04\/infor2-e1619166467889-600x400.png","featured_image_src_square":"https:\/\/cebaestella.educacion.navarra.es\/web\/wp-content\/uploads\/2021\/04\/infor2-e1619166467889-600x472.png","_links":{"self":[{"href":"https:\/\/cebaestella.educacion.navarra.es\/web\/wp-json\/wp\/v2\/pages\/200"}],"collection":[{"href":"https:\/\/cebaestella.educacion.navarra.es\/web\/wp-json\/wp\/v2\/pages"}],"about":[{"href":"https:\/\/cebaestella.educacion.navarra.es\/web\/wp-json\/wp\/v2\/types\/page"}],"author":[{"embeddable":true,"href":"https:\/\/cebaestella.educacion.navarra.es\/web\/wp-json\/wp\/v2\/users\/1"}],"replies":[{"embeddable":true,"href":"https:\/\/cebaestella.educacion.navarra.es\/web\/wp-json\/wp\/v2\/comments?post=200"}],"version-history":[{"count":5,"href":"https:\/\/cebaestella.educacion.navarra.es\/web\/wp-json\/wp\/v2\/pages\/200\/revisions"}],"predecessor-version":[{"id":622,"href":"https:\/\/cebaestella.educacion.navarra.es\/web\/wp-json\/wp\/v2\/pages\/200\/revisions\/622"}],"wp:featuredmedia":[{"embeddable":true,"href":"https:\/\/cebaestella.educacion.navarra.es\/web\/wp-json\/wp\/v2\/media\/373"}],"wp:attachment":[{"href":"https:\/\/cebaestella.educacion.navarra.es\/web\/wp-json\/wp\/v2\/media?parent=200"}],"curies":[{"name":"wp","href":"https:\/\/api.w.org\/{rel}","templated":true}]}}